209. List the prime factors of r.
3, 29
Suppose -2*b - g + 69 = 12, b - 5*g - 45 = 0. List the prime factors of b.
2, 3, 5
Suppose 5*a = 10, -l - 2*a - 3*a + 61 = 0. List the prime factors of l.
3, 17
Let c(a) = a**3 + 2*a + 1. Let l be c(-1). Let u = l + 19. List the prime factors of u.
17
Suppose 5*y + 16 = -2*b, -2*b + 3*y = 40 + 8. Let d = 13 + b. What are the prime factors of 0/5 - (d + -1)?
2, 3
What are the prime factors of 16/20 - (-826)/5?
2, 83
Suppose 0 = -w + 5*g - 3*g + 40, 2*w - 70 = 2*g. List the prime factors of w.
2, 3, 5
Suppose -6 = -5*m + 19. Let q(z) = -6*z**2 - 4 - 3*z + 0*z**2 + 7*z**2 + 3. What are the prime factors of q(m)?
3
What are the prime factors of (-9)/(-12) + (-186)/(-8)?
2, 3
Let k(l) be the second derivative of l**5/20 + l**4/12 - l**3/3 - 9*l. Let h = 3 - 1. List the prime factors of k(h).
2
Suppose 2*q = 124 - 50. What are the prime factors of q?
37
Suppose 0 = 5*n - 4*k - 277 - 73, 0 = -2*k + 10. What are the prime factors of n?
2, 37
Let o(d) = -3*d + 25. What are the prime factors of o(-12)?
61
Let a = -12 + 20. Let r(h) = -h**2 + 7*h + 6. Let d be r(a). List the prime factors of d + -2 + 6 - -12.
2, 7
Let q(l) = 23 + 0*l**2 - 6*l + l**2 - 5 - 8*l. What are the prime factors of q(14)?
2, 3
Suppose 2*b - 6*b + n + 645 = 0, 803 = 5*b + 2*n. List the prime factors of b.
7, 23
List the prime factors of 9 - -1 - (11 + -14).
13
Let u = 4 - 0. Suppose 28 = -u*v - 4*f, 0*v = -5*v + f - 53. Let i = v - -16. What are the prime factors of i?
2, 3
Suppose 0*b - 4*b + 40 = 0. What are the prime factors of b?
2, 5
Let n = 27 - -7. Let z = n + 4. List the prime factors of z.
2, 19
Suppose -2*w - 7 = -15. Suppose 6 = -5*g - 2*s + 21, w*g - 12 = 2*s. What are the prime factors of g?
3
Let p(w) = w**3 + 7*w**2 - w + 7. List the prime factors of p(-6).
7
Let t be (-22)/(-8) - (-1)/4. Let j(a) = -a**2 + 6*a + 0*a**3 + 3*a + 14 + 10*a**2 - a**t. List the prime factors of j(10).
2
Let m = 14 - 7. Let t = m - 12. List the prime factors of (-2 - (t - 0))/1.
3
Suppose 0 = i + 5 - 2. List the prime factors of i*1 + (-6 - -17).
2
Let t(q) = q**3 + 7*q**2 - 6*q + 4. List the prime factors of t(-7).
2, 23
Let k(p) = p. Let g be k(4). Suppose 14 = 5*l - d, -3*l = -2*d + d - 10. Suppose -l*u + g = -0. List the prime factors of u.
2
Suppose 5*s = -5*y + y + 43, -3*y - 5*s = -26. Let v = -12 + y. Let o(z) = -z**2 + 8*z - 3. What are the prime factors of o(v)?
2, 3
Let a = 39 - 26. What are the prime factors of a?
13
Let w = 64 - 34. What are the prime factors of w?
2, 3, 5
Suppose -c + 53 = 2*i + 3*i, -245 = -5*c - 5*i. List the prime factors of c.
2, 3
Let x be 24/(-2)*(-5)/4. Suppose -5*r + 4*k = -70, 0 = 5*r - 5*k - x - 50. List the prime factors of r.
2, 3
Suppose 0 = -2*y + 5*j - 28, -14 = 2*y - 3*j + 6. What are the prime factors of y/34 + 5679/153?
37
Let j(q) = 2*q**2 + 8*q - 10. Let m be j(-5). Let w(p) be the third derivative of -p**4/24 + 3*p**3 - p**2. List the prime factors of w(m).
2, 3
Let c(v) = -v + 10. Let s be c(8). Suppose s*r - 7 = r. List the prime factors of r.
7
Let v be 1/(-1 + 2) + -1. Let l(h) = -3*h + 12. Let c be l(3). Suppose -2*x = -5*u + 11, v = -c*u + 3*x + 3. List the prime factors of u.
3
Let x(k) = -2*k + 1. Let p be x(-2). Suppose 0*i + p*i = 65. List the prime factors of i.
13
Let a = 18 + 4. List the prime factors of a.
2, 11
Let x = -5 - -3. Let z be 2/(-6)*-9*-2. List the prime factors of z + 3 - (x - 6).
5
Let i(g) = -11*g**2 + 26*g - 2. Let p(c) = -7*c**2 + 17*c - 1. Let x(k) = -5*i(k) + 8*p(k). Suppose a - 1 = 4. What are the prime factors of x(a)?
7
Let a = 169 - 96. What are the prime factors of a?
73
Let r(t) = -4*t**3 + t**2 - 1 + 2 - 1. Let i be r(-1). Suppose -7 - 6 = v - 3*s, -i*v - 3*s + 25 = 0. What are the prime factors of v?
2
Let u = -7 + 12. List the prime factors of 54/u - (-2)/10.
11
Suppose -22*d + 1980 = -16*d. What are the prime factors of d?
2, 3, 5, 11
Let o(b) be the second derivative of -1/20*b**5 + 1/6*b**3 + 0*b**4 + b + 8*b**2 + 0. What are the prime factors of o(0)?
2
Let s(l) = 39*l + 6. List the prime factors of s(5).
3, 67
Suppose -6*k = 97 + 125. Let x = -21 - k. List the prime factors of x.
2
Let u = 68 - 22. What are the prime factors of u?
2, 23
Let h = -5 + 6. Suppose -2*l + 3*v = -h + 13, 0 = v - 2. Let z(a) = -a**2 - 5*a + 3. What are the prime factors of z(l)?
3
Let x(q) be the third derivative of -q**4/3 + q**3/6 + 4*q**2. What are the prime factors of x(-2)?
17
Suppose -2*b - 21 = 1. Let m(h) = -4*h - 14. What are the prime factors of m(b)?
2, 3, 5
Let d(z) = z**3 + 3*z**2 + 3. Suppose -4*n + 1 = -15. Suppose n*a - 3*x = -27, -12 - 22 = 3*a - 5*x. What are the prime factors of d(a)?
3
Let n(l) = l**2 + 2*l + 2. Let q be n(-2). What are the prime factors of 48/(-18)*(-17 + q)?
2, 5
Suppose -2*p + 39 = p. Suppose -b - 4 = 0, -2*b = -3*g - 44 + p. Let u = -8 - g. List the prime factors of u.
5
Let x(k) = 3*k + 1. Suppose 4*m - m = 3. What are the prime factors of x(m)?
2
Let d = 0 - -3. Suppose q = -d*q + 16. Suppose 4*g - m = -6*m + 69, 3*m - q = g. What are the prime factors of g?
11
Let f = -43 + 125. List the prime factors of f.
2, 41
Let n(b) = 5*b - 5. Let o be (-12)/1*3/(-9). List the prime factors of n(o).
3, 5
Let o = -57 - -70. List the prime factors of o.
13
Let n(y) = 2*y - 1. Let k be n(2). Suppose 4*t = -k*x + 29, -t - 20 = -2*x - 3*t. List the prime factors of x.
11
Let b be (-4)/(-10) + 108/5. Suppose -4 + b = 3*i. What are the prime factors of i?
2, 3
Suppose 2*p - 5*b = 138, b = -4*b + 10. List the prime factors of p.
2, 37
Suppose 0 = -2*r + 6, -6*o - r = -o - 453. List the prime factors of o.
2, 3, 5
Let r(q) = -q**2 + 11*q + 1. Let y be r(11). Let m(u) = 14*u + 1. List the prime factors of m(y).
3, 5
Suppose l + 4*n + 11 = 0, 2*l - 11 = -0*l + 3*n. Let b be 3/(3/(-6)*l). Let z(c) = -c + 7. What are the prime factors of z(b)?
13
Let d(w) = -w + 9. Let i be d(11). List the prime factors of 0 - -16 - (i - -4).
2, 7
Let w = 4 + -2. Let x(i) = -3*i - 1 - 2*i**2 + 4*i**2 + 2. List the prime factors of x(w).
3
Suppose -3*o = -2 + 20. Let d(z) be the first derivative of -z**3/3 - 9*z**2/2 - 7*z + 13. List the prime factors of d(o).
11
Let v = -6 - -9. Suppose -p - 32 = -5*l, l - 4*l - 2*p = -14. Suppose t + 43 = v*z + l*t, -4*z = t - 46. List the prime factors of z.
11
List the prime factors of -46*(27/(-6))/9.
23
Let c(o) = -o**3 - 7*o**2 - 2*o - 6. Suppose -3*f + 54 = -0*f. Suppose -3*u + r - f = 0, -4*r - 1 = 11. List the prime factors of c(u).
2
Suppose -5*o + 42 = -33. Let z = o + -8. Suppose -5*v + 4*k = -z - 11, -2*k + 6 = 0. List the prime factors of v.
2, 3
Let k = -30 + 96. What are the prime factors of k?
2, 3, 11
Suppose 2*v + 2*h - 6*h = 26, 5*v = 4*h + 41. Let f = -2 + v. List the prime factors of f.
3
Suppose 9 = 3*d - 3. Suppose -2*p + u + 0 = -7, 0 = -d*p + 4*u + 12. List the prime factors of p.
2
Let q = -9 + 17. List the prime factors of q.
2
What are the prime factors of 78 + (-3 + 10 - 4)?
3
Suppose l = -0 + 4. Suppose 5*p = l*w + 37 + 9, 4*w + 6 = p. List the prime factors of p.
2, 5
Let j be -1*(-23)/((-2)/(-2)). Let m = 8 - j. List the prime factors of (m + 5)/(1*-2).
5
List the prime factors of 151/4 - (-15)/(-20).
37
Let j(f) = -7*f - 4. Let p be j(3). Let r = p + 58. List the prime factors of r.
3, 11
Suppose -4*v - 120 = -9*v. Suppose 3*p = v + 42. Suppose -a = a - p. List the prime factors of a.
11
Suppose -2*n + 3*c + 5 = 0, -n + c - 5 = -2*n. Let b = -37 - -60. Suppose 0 = 4*k - 4*u - b - 5, 8 = -n*u. List the prime factors of k.
5
Let t be (-2)/(-1) - (9 + 1). Let f be (-2)/(-11) - t/(-44). Suppose v = -f*v + 4. List the prime factors of v.
2
Suppose 4*v + 5*m + 5 = 0, -3*v + 2*m + 20 = -v. What are the prime factors of v?
5
Let y(c) = 6*c**2 + 4*c - 4. What are the prime factors of y(-4)?
2, 19
Let g = 688 + -325. List the prime factors of g.
3, 11
Suppose -4*p = 4*m - 324, -3 + 0 = 3*m. List the prime factors of p.
2, 41
Let n be 3/(-2*(-2)/4). Suppose o = n*o. Let m(r) = -r**3 - r**2 - r + 10. What are the prime factors of m(o)?
2, 5
What are the prime factors of (-2)/(-4*(-5)/(-290))?
29
Suppose -3*t = 6*y - 3*y - 33, -3*t + 18 = 2*y. Suppose 0 = -0*n + n - y. List the prime factors of n.
3, 5
Let n(a) =